s the remainder when 37 is divided by 3/4*-2*(-58 + 48)?
7
What is the remainder when 253 - (-5 + 6 + 3) is divided by 18?
15
Suppose 2*f - 8 = 6*f. Let v = f - -8. Let m = -132 - -153. Calculate the remainder when m is divided by v.
3
What is the remainder when ((-8534)/85)/(4/(-10)) is divided by 4?
3
Suppose 12*c - 7*c = 90. Suppose 0 = -u - a + 4 + c, 2*a + 2 = 0. What is the remainder when u is divided by 9?
5
Let p = 8 + -10. Suppose b = -5*f + 27, 4*b = 4*f - 0*f - 12. What is the remainder when 3/p*(-72)/27 is divided by b?
0
Let h be ((-1)/(-2))/(2/8). Suppose j - 10 = -h. What is the remainder when (37 + (-7 - 1))/(1/1) is divided by j?
5
Let s(j) = j**2 + 32*j - 32. Let l = 43 - -25. What is the remainder when l is divided by s(-34)?
32
Let w = -909 + 967. Calculate the remainder when w is divided by 11.
3
Let r(p) = -p**2 - 31*p - 56. Let l = 13 - 8. Suppose -3*d = 4*x + 3, -4*d + d - 6 = l*x. What is the remainder when d is divided by r(-29)?
1
Suppose -169 = 6*c - 763. Suppose 0 = -2*z - 12 + 46. Calculate the remainder when c is divided by z.
14
Suppose 0*d = -4*d + 400. Suppose j + j = d. Let z(i) = 3*i - 20. Calculate the remainder when j is divided by z(11).
11
Suppose -3*m + 1 + 86 = 0. Suppose -m - 65 = -2*s. Calculate the remainder when s is divided by 16.
15
Suppose 36 = 9*r - 7*r. Let t be (3 + 7)*r/4. Suppose 0 = -4*m + 9*m - t. What is the remainder when 15 is divided by m?
6
Let o(r) = 138*r - 9. Calculate the remainder when o(1) is divided by 44.
41
Suppose 0*t + 59 = t. Let r = t + -18. Suppose 142*k - 113*k = 4727. Calculate the remainder when k is divided by r.
40
Suppose -13*h + 12 = -53. Let j(t) = t**2 + 5. Let u be j(-5). Suppose u = -0*x + h*x. What is the remainder when 17 is divided by x?
5
Let j(o) = -o**2 + 6*o - 3. Let k = -6 - -11. Let z be j(k). Calculate the remainder when 11 is divided by (-45)/(-6) + (-1)/z.
4
Let s = -26 - -28. What is the remainder when s/(-1) - (-90 + -10) is divided by 10?
8
Suppose 7*c - 135 = 145. What is the remainder when 117 is divided by c?
37
Suppose -397 - 311 = -12*k. Calculate the remainder when 292 is divided by k.
56
Let p(c) = -c**2 - 1 - 2*c - 13*c + 15. Let o be p(-15). Let l = 9 + o. Calculate the remainder when l is divided by 6.
5
Let t = -184 - -190. What is the remainder when 37 is divided by t?
1
Let d = -1 - -14. Let l = 106 - d. Calculate the remainder when l is divided by 32.
29
Let x = -426 + 449. Suppose 32 = 3*l - 5*s - 24, 0 = 2*l - 3*s - 36. What is the remainder when x is divided by l?
11
Let j(g) = 15*g + 1. Let c(q) = -45*q - 3. Let i(n) = -3*c(n) - 8*j(n). Let p be i(4). Suppose 0 = k - 2*k + p. What is the remainder when k is divided by 16?
13
Suppose 20*f = 17*f + 312. What is the remainder when f is divided by 28?
20
Let u be 2/(-10) + 72/(-15). Let i = 31 - u. Suppose 4*l + l + 20 = 2*a, -2*l - 52 = -3*a. What is the remainder when i is divided by a?
16
Let u(g) = -g**3 - 10*g**2 - 18*g. What is the remainder when 55 is divided by u(-8)?
7
Let o be (-3)/((-1)/(-33)*-3). Suppose -4*s - 2*d + d + 111 = 0, -s + 5*d + o = 0. What is the remainder when s is divided by 9?
1
Suppose 4*b + 2*p = -46, -5*b + 7 = 2*p + 63. What is the remainder when 53 is divided by (-6)/(-15) + ((-106)/b - -3)?
11
Let o = 710 + -687. Let s = -13 + 22. Calculate the remainder when o is divided by s.
5
Let d(j) = -2*j**3 + 7*j**2 - 6*j - 8. Let i(x) = 3*x**3 - 8*x**2 + 5*x + 8. Let r(o) = -4*d(o) - 3*i(o). What is the remainder when r(-6) is divided by 9?
8
Suppose -75*j + 98*j - 598 = 0. What is the remainder when 284 is divided by j?
24
Let j = 92 + -87. Suppose 2*t = j*u - 1, -5*u = t - 4*u - 3. Calculate the remainder when 7 is divided by t.
1
Let x(u) = u**2 + 3*u + 2. Let n be x(-4). Suppose n*d - 182 = -d. What is the remainder when d is divided by 10?
6
Suppose -4*y - 4*s = 32, -3*y + 3*s = -4*y - 18. Let q = 15 + y. What is the remainder when q is divided by 1/(4/(-20)*-1)?
2
What is the remainder when (-623)/(-91) + -7 - 940/(-26) is divided by 5?
1
Let r(j) = 4*j**2 + 21*j - 27. Calculate the remainder when r(-8) is divided by 22.
17
Suppose -4*d + 2*w - 6 = 0, d - 3*w = -1 - 13. Let g = 5 + d. Calculate the remainder when 10 is divided by g.
4
Let c(v) = v + 5. Let j be c(-3). Suppose -o = j + 3. Let k = -3 - o. What is the remainder when 2 is divided by k?
0
Let a = 57 + -15. Let y be 1/(-4) + 278/(-8). What is the remainder when (a/y)/(2/(-40)) is divided by 5?
4
Suppose 0*i - 2*i + 10 = 4*k, -4*k + 15 = -3*i. Let h = -3 + k. Suppose 2*p + h = -6, 12 = 3*o - p. Calculate the remainder when 7 is divided by o.
1
Suppose -3*n - 136 = -7*n + 4*x, -n + 46 = -4*x. Calculate the remainder when 76 is divided by n.
16
Let x(a) = 23*a**2 + 2*a - 1. Let t = 9 + -3. What is the remainder when t/3 + 69 + -1 is divided by x(1)?
22
Suppose 0 = d - 2*d + 10. Calculate the remainder when -117*10/(-15) - (-3 - -3) is divided by d.
8
Let z be 0 - (-122 + (-4 - 4/(-4))). Let q = -99 + z. What is the remainder when 129 is divided by q?
25
Let a(w) = 17*w**2 - 474*w - 47. Calculate the remainder when 672 is divided by a(28).
6
Let u(o) = -5*o - 163. Calculate the remainder when u(-39) is divided by 12.
8
Let w be (-5 + 6)*(-8 - -2). Let h be (-141)/12 - (-1)/(-4). Let q = w - h. Calculate the remainder when q is divided by 4.
2
Let w be (6/15)/(2/(-20)). Let q = w + -11. Let k = -6 - q. Calculate the remainder when 35 is divided by k.
8
Let k(o) = -o**3 + 11*o**2 - 12*o + 1. Suppose 0 = -3*c - 7 + 31. What is the remainder when k(c) is divided by 33?
31
Let y = 28 - 14. Let x(w) = 14*w - 7*w - 3 + 7*w + 2. What is the remainder when x(3) is divided by y?
13
Let n be 17/(-3) + 7/(-21). Let m(l) = -4*l + 7. Suppose -29 = -3*v - g, 4 = 5*g - 21. Calculate the remainder when m(n) is divided by v.
7
Let w(z) = 3*z + 2. Let x be w(-6). Let a = -14 - x. Suppose 8 + 4 = 3*s. Calculate the remainder when s is divided by a.
0
Let l be 6/(-42)*-2 + 208/7. Let a = 45 - l. Calculate the remainder when 28 is divided by a.
13
Let q(p) = p**3 - 18*p**2 + 8*p + 31. Calculate the remainder when q(18) is divided by 16.
15
Suppose -4*y + 114 = -350. Calculate the remainder when y is divided by 656/48 - 4/6.
12
Suppose 0*c = 4*c - 8. Suppose d - 16 = -c*m - 2*m, 36 = 5*d - 2*m. Suppose 5*b - 14*b + 18 = 0. Calculate the remainder when d is divided by b.
0
Calculate the remainder when 27/72 - 6399/(-24) is divided by 45.
42
Suppose -5*o = 2*q - 2 + 1, -4*q - 4*o = -32. Calculate the remainder when 211 is divided by q.
3
Suppose 3*y - 1259 = c, -2*c - 1705 = -3*y - 447. Suppose 19*s = 24*s - y. What is the remainder when s is divided by 17?
16
Suppose 7*s - 1113 = 511. What is the remainder when s is divided by 39?
37
Suppose -5*t = -8*a + 4*a - 184, -3*a - 108 = -3*t. What is the remainder when 93 is divided by t?
13
Let w(n) = 4*n**2 + 43*n + 5. What is the remainder when 141 is divided by w(-11)?
13
Suppose b - 5*s = 3*b + 4, 3*b + 3*s - 3 = 0. Suppose b*l - 4 = 5. What is the remainder when 9 is divided by l?
0
Let g(j) = j - 1. Let s be g(1). Suppose n = -s*n + 1. Calculate the remainder when 35 is divided by ((-2)/(-4))/(n/26).
9
Suppose -5*x + 75 = 5*f - 85, -15 = 5*f. Suppose -3*w + 1 = -2*w. What is the remainder when x is divided by w*22 + (-20)/5?
17
Suppose 4*d = 6 + 2. Let g = d + 3. Suppose -g*c - 100 = -5*i, -4*i + 8*i = -c + 55. What is the remainder when 27 is divided by i?
12
Suppose -2*c = 4*v - 156, 3*v = -8*c + 3*c + 117. What is the remainder when 137 is divided by v?
20
Let m = -15420 - -15427. Let l(v) = -3*v - 4. Let b(q) = q**3 - q**2 - 5. Let z be b(0). What is the remainder when l(z) is divided by m?
4
Let r be ((-18)/(-27))/(1 + 89/(-87)). Calculate the remainder when 31 is divided by r/(-4) + 7/(-28) + 1.
7
Let k(z) be the third derivative of z**5/30 - z**4/6 - 17*z**3/6 - 37*z**2. What is the remainder when 123 is divided by k(-4)?
30
What is the remainder when 495/(-22)*(-2)/(-6)*-4 is divided by 11?
8
Let g = 32 - 53. Let a be g/(-6) + 2/4. Suppose 0 = -2*i + i + a. What is the remainder when 10 is divided by i?
2
Let m be 9*6*8/12. Suppose 5*k - m = k. Suppose 0 = -c - 7 + 13. What is the remainder when k is divided by c?
3
Suppose -11*z - 45 + 375 = 0. Calculat